{"id":1914,"date":"2025-05-29T05:50:40","date_gmt":"2025-05-28T22:50:40","guid":{"rendered":"https:\/\/flyingart.vn\/?page_id=1914"},"modified":"2025-05-30T05:36:12","modified_gmt":"2025-05-29T22:36:12","slug":"hoi-hoa","status":"publish","type":"page","link":"https:\/\/flyingart.vn\/?page_id=1914","title":{"rendered":"H\u1ed9i h\u1ecda"},"content":{"rendered":"<div id=\"ez-toc-container\" class=\"ez-toc-v2_0_78 counter-hierarchy ez-toc-counter ez-toc-transparent ez-toc-container-direction\">\n<div class=\"ez-toc-title-container\">\n<p class=\"ez-toc-title\" style=\"cursor:inherit\">N\u1ed9i dung:<\/p>\n<span class=\"ez-toc-title-toggle\"><a href=\"#\" class=\"ez-toc-pull-right ez-toc-btn ez-toc-btn-xs ez-toc-btn-default ez-toc-toggle\" aria-label=\"Toggle Table of Content\"><span class=\"ez-toc-js-icon-con\"><span class=\"\"><span class=\"eztoc-hide\" style=\"display:none;\">Toggle<\/span><span class=\"ez-toc-icon-toggle-span\"><svg style=\"fill: #686868;color:#686868\" xmlns=\"http:\/\/www.w3.org\/2000\/svg\" class=\"list-377408\" width=\"20px\" height=\"20px\" viewBox=\"0 0 24 24\" fill=\"none\"><path d=\"M6 6H4v2h2V6zm14 0H8v2h12V6zM4 11h2v2H4v-2zm16 0H8v2h12v-2zM4 16h2v2H4v-2zm16 0H8v2h12v-2z\" fill=\"currentColor\"><\/path><\/svg><svg style=\"fill: #686868;color:#686868\" class=\"arrow-unsorted-368013\" xmlns=\"http:\/\/www.w3.org\/2000\/svg\" width=\"10px\" height=\"10px\" viewBox=\"0 0 24 24\" version=\"1.2\" baseProfile=\"tiny\"><path d=\"M18.2 9.3l-6.2-6.3-6.2 6.3c-.2.2-.3.4-.3.7s.1.5.3.7c.2.2.4.3.7.3h11c.3 0 .5-.1.7-.3.2-.2.3-.5.3-.7s-.1-.5-.3-.7zM5.8 14.7l6.2 6.3 6.2-6.3c.2-.2.3-.5.3-.7s-.1-.5-.3-.7c-.2-.2-.4-.3-.7-.3h-11c-.3 0-.5.1-.7.3-.2.2-.3.5-.3.7s.1.5.3.7z\"\/><\/svg><\/span><\/span><\/span><\/a><\/span><\/div>\n<nav><ul class='ez-toc-list ez-toc-list-level-1 ' ><li class='ez-toc-page-1 ez-toc-heading-level-2'><a class=\"ez-toc-link ez-toc-heading-1\" href=\"https:\/\/flyingart.vn\/?page_id=1914\/#Tranh_chan_dung_thu_phap_but_lua_va_hon_the_nua\" >Tranh ch\u00e2n dung, th\u01b0 ph\u00e1p, b\u00fat l\u1eeda v\u00e0 h\u01a1n th\u1ebf n\u1eefa<\/a><ul class='ez-toc-list-level-3' ><li class='ez-toc-heading-level-3'><a class=\"ez-toc-link ez-toc-heading-2\" href=\"https:\/\/flyingart.vn\/?page_id=1914\/#1_Ve_tranh_chan_dung_theo_yeu_cau\" >1. V\u1ebd tranh ch\u00e2n dung theo y\u00eau c\u1ea7u<\/a><\/li><li class='ez-toc-page-1 ez-toc-heading-level-3'><a class=\"ez-toc-link ez-toc-heading-3\" href=\"https:\/\/flyingart.vn\/?page_id=1914\/#2_Thu_phap_nghe_thuat_%E2%80%93_Ve_dep_cua_ngon_tu\" >2. Th\u01b0 ph\u00e1p ngh\u1ec7 thu\u1eadt \u2013 V\u1ebb \u0111\u1eb9p c\u1ee7a ng\u00f4n t\u1eeb<\/a><\/li><li class='ez-toc-page-1 ez-toc-heading-level-3'><a class=\"ez-toc-link ez-toc-heading-4\" href=\"https:\/\/flyingart.vn\/?page_id=1914\/#3_Tranh_but_lua_%E2%80%93_Nghe_thuat_tu_than_va_nhiet\" >3. Tranh b\u00fat l\u1eeda \u2013 Ngh\u1ec7 thu\u1eadt t\u1eeb than v\u00e0 nhi\u1ec7t<\/a><\/li><li class='ez-toc-page-1 ez-toc-heading-level-3'><a class=\"ez-toc-link ez-toc-heading-5\" href=\"https:\/\/flyingart.vn\/?page_id=1914\/#4_Cac_dong_tranh_khac\" >4. C\u00e1c d\u00f2ng tranh kh\u00e1c<\/a><\/li><li class='ez-toc-page-1 ez-toc-heading-level-3'><a class=\"ez-toc-link ez-toc-heading-6\" href=\"https:\/\/flyingart.vn\/?page_id=1914\/#Dich_vu_quy_trinh\" >D\u1ecbch v\u1ee5 &amp; quy tr\u00ecnh<\/a><\/li><li class='ez-toc-page-1 ez-toc-heading-level-3'><a class=\"ez-toc-link ez-toc-heading-7\" href=\"https:\/\/flyingart.vn\/?page_id=1914\/#Lien_he_FlyingArt_de_dat_tranh\" >Li\u00ean h\u1ec7 FlyingArt \u0111\u1ec3 \u0111\u1eb7t tranh<\/a><\/li><\/ul><\/li><li class='ez-toc-page-1 ez-toc-heading-level-2'><a class=\"ez-toc-link ez-toc-heading-8\" href=\"https:\/\/flyingart.vn\/?page_id=1914\/#FlyingArt_%E2%80%93_Nghe_thuat_tu_tam_cham_den_cam_xuc\" >FlyingArt \u2013 Ngh\u1ec7 thu\u1eadt t\u1eeb t\u00e2m, ch\u1ea1m \u0111\u1ebfn c\u1ea3m x\u00fac<\/a><\/li><\/ul><\/nav><\/div>\n\n<h2 class=\"wp-block-heading has-black-color has-text-color has-link-color has-medium-font-size wp-elements-7730677365b254b67796aa859fdba8f1\"><span class=\"ez-toc-section\" id=\"Tranh_chan_dung_thu_phap_but_lua_va_hon_the_nua\"><\/span>Tranh ch\u00e2n dung, th\u01b0 ph\u00e1p, b\u00fat l\u1eeda v\u00e0 h\u01a1n th\u1ebf n\u1eefa<span class=\"ez-toc-section-end\"><\/span><\/h2>\n\n\n\n<p class=\"has-black-color has-text-color has-link-color wp-elements-5f81117f24007b1636dd7f451d8841bc\"><strong>B\u1ea1n \u0111ang t\u00ecm m\u1ed9t t\u00e1c ph\u1ea9m ngh\u1ec7 thu\u1eadt \u0111\u1ed9c b\u1ea3n \u0111\u1ec3 l\u00e0m qu\u00e0 t\u1eb7ng, trang tr\u00ed kh\u00f4ng gian s\u1ed1ng, hay th\u1ec3 hi\u1ec7n c\u00e1 t\u00ednh ri\u00eang?<\/strong><br>T\u1ea1i <strong>FlyingArt<\/strong>, ch\u00fang t\u00f4i mang \u0111\u1ebfn nh\u1eefng d\u1ecbch v\u1ee5 h\u1ed9i h\u1ecda th\u1ee7 c\u00f4ng tinh t\u1ebf v\u00e0 \u0111\u1ea7y c\u1ea3m x\u00fac: t\u1eeb <strong>v\u1ebd tranh ch\u00e2n dung<\/strong>, <strong>th\u01b0 ph\u00e1p ngh\u1ec7 thu\u1eadt<\/strong>, \u0111\u1ebfn <strong>b\u00fat l\u1eeda g\u1ed7<\/strong> v\u00e0 nhi\u1ec1u th\u1ec3 lo\u1ea1i tranh kh\u00e1c \u2013 t\u1ea5t c\u1ea3 \u0111\u1ec1u \u0111\u01b0\u1ee3c s\u00e1ng t\u00e1c b\u1edfi c\u00e1c ngh\u1ec7 s\u0129 gi\u00e0u kinh nghi\u1ec7m v\u00e0 t\u00e2m huy\u1ebft.<\/p>\n\n\n\n<h3 class=\"wp-block-heading has-black-color has-text-color has-link-color has-medium-font-size wp-elements-86b1a39a36637a8847ff79e501b63d7d\"><span class=\"ez-toc-section\" id=\"1_Ve_tranh_chan_dung_theo_yeu_cau\"><\/span>1. V\u1ebd tranh ch\u00e2n dung theo y\u00eau c\u1ea7u<span class=\"ez-toc-section-end\"><\/span><\/h3>\n\n\n\n<p class=\"has-black-color has-text-color has-link-color wp-elements-31e7114d54bc379c7ced1f5e945a4779\">Ch\u00fang t\u00f4i nh\u1eadn v\u1ebd tranh ch\u00e2n dung b\u1eb1ng nhi\u1ec1u ch\u1ea5t li\u1ec7u ch\u00ec than. Ph\u00f9 h\u1ee3p l\u00e0m <strong>qu\u00e0 sinh nh\u1eadt, k\u1ef7 ni\u1ec7m c\u01b0\u1edbi, tri \u00e2n th\u1ea7y c\u00f4, t\u1eb7ng s\u1ebfp .v.v ho\u1eb7c l\u01b0u gi\u1eef kho\u1ea3nh kh\u1eafc gia \u0111\u00ecnh<\/strong>.<\/p>\n\n\n\n<p class=\"has-black-color has-text-color has-link-color wp-elements-8b7d60a0ee1121b069d5572ce3510fd3\"><strong>Th\u1eddi gian th\u1ef1c hi\u1ec7n:<\/strong> 3\u20137 ng\u00e0y<br><strong>Giao h\u00e0ng to\u00e0n qu\u1ed1c, \u0111\u00f3ng khung c\u1ea9n th\u1eadn<\/strong><\/p>\n\n\n\n<h3 class=\"wp-block-heading has-black-color has-text-color has-link-color has-medium-font-size wp-elements-d91731c87b6f696bd8a1939d27184d80\"><span class=\"ez-toc-section\" id=\"2_Thu_phap_nghe_thuat_%E2%80%93_Ve_dep_cua_ngon_tu\"><\/span> 2. Th\u01b0 ph\u00e1p ngh\u1ec7 thu\u1eadt \u2013 V\u1ebb \u0111\u1eb9p c\u1ee7a ng\u00f4n t\u1eeb<span class=\"ez-toc-section-end\"><\/span><\/h3>\n\n\n\n<p class=\"has-black-color has-text-color has-link-color wp-elements-22ffe4679537b468ec2bb465dd0125cf\">Kh\u00f4ng ch\u1ec9 l\u00e0 ch\u1eef, <strong>th\u01b0 ph\u00e1p t\u1ea1i FlyingArt<\/strong> l\u00e0 s\u1ef1 k\u1ebft h\u1ee3p gi\u1eefa tri\u1ebft l\u00fd s\u1ed1ng v\u00e0 v\u1ebb \u0111\u1eb9p th\u1ecb gi\u00e1c.<br>Ch\u00fang t\u00f4i nh\u1eadn vi\u1ebft:<\/p>\n\n\n\n<ul class=\"wp-block-list\">\n<li class=\"has-black-color has-text-color has-link-color wp-elements-f539fd5f3adb77b239321857b9fdea66\">C\u00e2u \u0111\u1ed1i T\u1ebft, ho\u00e0nh phi, li\u1ec5n th\u1edd<\/li>\n\n\n\n<li class=\"has-black-color has-text-color has-link-color wp-elements-b1e1a5b2fcaae0368bf4b4f85d71e42b\">Danh ng\u00f4n, thi\u1ec1n ng\u1eef, ch\u1eef \u0111\u01a1n \u0111\u1ed9c \u0111\u00e1o<\/li>\n\n\n\n<li class=\"has-black-color has-text-color has-link-color wp-elements-a8524351aca4135dd56a325fa597d26b\">T\u00ean c\u00e1 nh\u00e2n, t\u00ean th\u01b0\u01a1ng hi\u1ec7u, logo th\u01b0 ph\u00e1p<\/li>\n<\/ul>\n\n\n\n<p class=\"has-black-color has-text-color has-link-color wp-elements-9094ad1252137daaa18258ae22c60f18\"><strong>Ch\u1ea5t li\u1ec7u<\/strong>: m\u1ef1c nho, gi\u1ea5y d\u00f3, v\u1ea3i canvas ho\u1eb7c g\u1ed7<br><strong>T\u01b0 v\u1ea5n n\u1ed9i dung mi\u1ec5n ph\u00ed<\/strong> theo \u00fd ngh\u0129a kh\u00e1ch h\u00e0ng mong mu\u1ed1n<\/p>\n\n\n\n<h3 class=\"wp-block-heading has-black-color has-text-color has-link-color has-medium-font-size wp-elements-e627edd1e37ff9622e29e7c0c20c930a\"><span class=\"ez-toc-section\" id=\"3_Tranh_but_lua_%E2%80%93_Nghe_thuat_tu_than_va_nhiet\"><\/span>3. Tranh b\u00fat l\u1eeda \u2013 Ngh\u1ec7 thu\u1eadt t\u1eeb than v\u00e0 nhi\u1ec7t<span class=\"ez-toc-section-end\"><\/span><\/h3>\n\n\n\n<p class=\"has-black-color has-text-color has-link-color wp-elements-a7730976da1596c4b31e3bbe9d2b52da\">B\u00fat l\u1eeda l\u00e0 m\u1ed9t k\u1ef9 thu\u1eadt th\u1ee7 c\u00f4ng \u0111\u1ed9c \u0111\u00e1o, v\u1ebd tr\u1ef1c ti\u1ebfp l\u00ean g\u1ed7 b\u1eb1ng \u0111\u1ea7u nung n\u00f3ng.<br>T\u1ea1i FlyingArt, ch\u00fang t\u00f4i th\u1ef1c hi\u1ec7n:<\/p>\n\n\n\n<ul class=\"wp-block-list\">\n<li class=\"has-black-color has-text-color has-link-color wp-elements-e329477733f16046ecca1b5d5c84a140\">Tranh ch\u00e2n dung b\u00fat l\u1eeda<\/li>\n\n\n\n<li class=\"has-black-color has-text-color has-link-color wp-elements-1df9d992345ab8d4b7b06c3c6de416ff\">Tranh phong c\u1ea3nh, Ph\u1eadt gi\u00e1o, thi\u1ec1n \u0111\u1ecbnh<\/li>\n\n\n\n<li class=\"has-black-color has-text-color has-link-color wp-elements-bcb7faafe9b103dc18d4e3a7553ad8a3\">Qu\u00e0 l\u01b0u ni\u1ec7m kh\u1eafc t\u00ean, logo doanh nghi\u1ec7p<\/li>\n<\/ul>\n\n\n\n<p class=\"has-black-color has-text-color has-link-color wp-elements-b414bf78c9ab09be33ec91cd33933cca\">M\u1ed7i t\u00e1c ph\u1ea9m l\u00e0 duy nh\u1ea5t, mang d\u1ea5u \u1ea5n th\u1ee7 c\u00f4ng truy\u1ec1n th\u1ed1ng k\u1ebft h\u1ee3p hi\u1ec7n \u0111\u1ea1i.<\/p>\n\n\n\n<h3 class=\"wp-block-heading has-black-color has-text-color has-link-color has-medium-font-size wp-elements-0925529f6cf1f5e4f10dcda64e535d29\"><span class=\"ez-toc-section\" id=\"4_Cac_dong_tranh_khac\"><\/span> 4. C\u00e1c d\u00f2ng tranh kh\u00e1c<span class=\"ez-toc-section-end\"><\/span><\/h3>\n\n\n\n<p class=\"has-black-color has-text-color has-link-color wp-elements-984215d6be1df7b4cc9e722ef1a063a9\">Ngo\u00e0i 3 nh\u00f3m ch\u1ee7 l\u1ef1c tr\u00ean, FlyingArt c\u00f2n th\u1ef1c hi\u1ec7n:<\/p>\n\n\n\n<ul class=\"wp-block-list\">\n<li class=\"has-black-color has-text-color has-link-color wp-elements-f45897a23959018695decc7572a7bb92\">Tranh tr\u1eebu t\u01b0\u1ee3ng theo y\u00eau c\u1ea7u<\/li>\n\n\n\n<li class=\"has-black-color has-text-color has-link-color wp-elements-b53f31cd2550aae9839d96654121f227\">Tranh t\u01b0\u1eddng qu\u00e1n c\u00e0 ph\u00ea, studio<\/li>\n\n\n\n<li class=\"has-black-color has-text-color has-link-color wp-elements-15543e9b0733874cd7c83d58c2887668\">Tranh k\u1ebft h\u1ee3p g\u1ed7, tre, v\u1ea3i, \u0111\u00e1\u2026 mang \u0111\u1eadm phong c\u00e1ch Wabi Sabi, Zen, Rustic\u2026<\/li>\n<\/ul>\n\n\n\n<h3 class=\"wp-block-heading has-black-color has-text-color has-link-color wp-elements-cf4857bd33d2b303457a3c17d51b346d\"><span class=\"ez-toc-section\" id=\"Dich_vu_quy_trinh\"><\/span>D\u1ecbch v\u1ee5 &amp; quy tr\u00ecnh<span class=\"ez-toc-section-end\"><\/span><\/h3>\n\n\n\n<ol class=\"wp-block-list\">\n<li class=\"has-black-color has-text-color has-link-color wp-elements-e03719e26ffed93f17343a3d35473517\"><strong>Ti\u1ebfp nh\u1eadn y\u00eau c\u1ea7u &amp; t\u01b0 v\u1ea5n m\u1eabu ph\u00f9 h\u1ee3p<\/strong><\/li>\n\n\n\n<li class=\"has-black-color has-text-color has-link-color wp-elements-041ebe36dd600c9b2863313febf8b4b8\"><strong>Ph\u00e1c th\u1ea3o &amp; x\u00e1c nh\u1eadn b\u1ea3n nh\u00e1p<\/strong><\/li>\n\n\n\n<li class=\"has-black-color has-text-color has-link-color wp-elements-b636962a0fd40a53f658b969e0f46f8e\"><strong>Ti\u1ebfn h\u00e0nh th\u1ef1c hi\u1ec7n th\u1ee7 c\u00f4ng<\/strong><\/li>\n\n\n\n<li class=\"has-black-color has-text-color has-link-color wp-elements-7f12c487340a6fc5e93effc38b4c6465\"><strong>\u0110\u00f3ng g\u00f3i, giao t\u1eadn n\u01a1i to\u00e0n qu\u1ed1c<\/strong><\/li>\n<\/ol>\n\n\n\n<ul class=\"wp-block-list\">\n<li class=\"has-black-color has-text-color has-link-color wp-elements-937997579fc8224a6c4fa21d3318b35a\">Nh\u1eadn \u0111\u01a1n h\u00e0ng online, thanh to\u00e1n linh ho\u1ea1t<\/li>\n\n\n\n<li class=\"has-black-color has-text-color has-link-color wp-elements-0088a2a235b307aad6b92e704312bb4c\">Cam k\u1ebft \u0111\u00fang ti\u1ebfn \u0111\u1ed9 \u2013 ho\u00e0n ti\u1ec1n n\u1ebfu kh\u00f4ng h\u00e0i l\u00f2ng<\/li>\n<\/ul>\n\n\n\n<h3 class=\"wp-block-heading has-black-color has-text-color has-link-color has-medium-font-size wp-elements-fed333b1eca1423bb2d21bd2180ba1ec\"><span class=\"ez-toc-section\" id=\"Lien_he_FlyingArt_de_dat_tranh\"><\/span>Li\u00ean h\u1ec7 FlyingArt \u0111\u1ec3 \u0111\u1eb7t tranh<span class=\"ez-toc-section-end\"><\/span><\/h3>\n\n\n\n<ul class=\"wp-block-list\">\n<li class=\"has-black-color has-text-color has-link-color wp-elements-95492b76baa7ac28feee11179cbe6dad\"><strong>Hotline\/Zalo:<\/strong> 0905 129 095<\/li>\n\n\n\n<li><strong>Email:<\/strong> <a>kts.phamtanvu@gmail.com<\/a><\/li>\n\n\n\n<li><strong>Web:<\/strong> <a class=\"\" href=\"https:\/\/facebook.com\/flyingart.vn\">flyingart.vn<\/a><\/li>\n<\/ul>\n\n\n\n<h2 class=\"wp-block-heading has-black-color has-text-color has-link-color has-medium-font-size wp-elements-1dff12054fe9b575b03b6f086c3e99a2\"><span class=\"ez-toc-section\" id=\"FlyingArt_%E2%80%93_Nghe_thuat_tu_tam_cham_den_cam_xuc\"><\/span>FlyingArt \u2013 Ngh\u1ec7 thu\u1eadt t\u1eeb t\u00e2m, ch\u1ea1m \u0111\u1ebfn c\u1ea3m x\u00fac<span class=\"ez-toc-section-end\"><\/span><\/h2>\n\n\n\n<p class=\"has-black-color has-text-color has-link-color wp-elements-7a05417eec9922c359b9c265d114aa22\">M\u1ed7i t\u00e1c ph\u1ea9m t\u1eeb FlyingArt kh\u00f4ng ch\u1ec9 l\u00e0 m\u1ed9t s\u1ea3n ph\u1ea9m th\u1ee7 c\u00f4ng, m\u00e0 l\u00e0 <strong>m\u1ed9t ph\u1ea7n c\u1ee7a t\u00e2m h\u1ed3n ng\u01b0\u1eddi v\u1ebd, ng\u01b0\u1eddi t\u1eb7ng, v\u00e0 ng\u01b0\u1eddi \u0111\u01b0\u1ee3c t\u1eb7ng<\/strong>.<br>H\u00e3y \u0111\u1ec3 ch\u00fang t\u00f4i \u0111\u1ed3ng h\u00e0nh c\u00f9ng b\u1ea1n t\u1ea1o n\u00ean nh\u1eefng d\u1ea5u \u1ea5n ngh\u1ec7 thu\u1eadt ri\u00eang bi\u1ec7t v\u00e0 \u00fd ngh\u0129a nh\u1ea5t.<\/p>\n\n\n\n<p><\/p>\n","protected":false},"excerpt":{"rendered":"<p>Tranh ch\u00e2n dung, th\u01b0 ph\u00e1p, b\u00fat l\u1eeda v\u00e0 h\u01a1n th\u1ebf n\u1eefa B\u1ea1n \u0111ang t\u00ecm m\u1ed9t t\u00e1c ph\u1ea9m ngh\u1ec7 thu\u1eadt \u0111\u1ed9c b\u1ea3n \u0111\u1ec3 l\u00e0m qu\u00e0 t\u1eb7ng, trang tr\u00ed kh\u00f4ng gian s\u1ed1ng, hay th\u1ec3 hi\u1ec7n c\u00e1 t\u00ednh ri\u00eang?T\u1ea1i FlyingArt, ch\u00fang t\u00f4i mang \u0111\u1ebfn nh\u1eefng d\u1ecbch v\u1ee5 h\u1ed9i h\u1ecda th\u1ee7 c\u00f4ng tinh t\u1ebf v\u00e0 \u0111\u1ea7y c\u1ea3m x\u00fac: t\u1eeb&hellip; <br \/> <a class=\"read-more\" href=\"https:\/\/flyingart.vn\/?page_id=1914\">Read more<\/a><\/p>\n","protected":false},"author":1,"featured_media":0,"parent":0,"menu_order":0,"comment_status":"closed","ping_status":"closed","template":"","meta":{"footnotes":""},"class_list":["post-1914","page","type-page","status-publish","hentry"],"yoast_head":"<!-- This site is optimized with the Yoast SEO plugin v26.5 - https:\/\/yoast.com\/wordpress\/plugins\/seo\/ -->\n<title>H\u1ed9i h\u1ecda - Ki\u1ebfn Tr\u00fac - N\u1ed9i Th\u1ea5t Flying Art<\/title>\n<meta name=\"description\" content=\"Tranh ch\u00e2n dung, th\u01b0 ph\u00e1p, b\u00fat l\u1eeda \u2013 m\u1ed7i t\u00e1c ph\u1ea9m t\u1eeb FlyingArt l\u00e0 m\u00f3n qu\u00e0 ngh\u1ec7 thu\u1eadt ch\u1ee9a \u0111\u1ef1ng c\u1ea3m x\u00fac v\u00e0 gi\u00e1 tr\u1ecb b\u1ec1n l\u00e2u.\" \/>\n<meta name=\"robots\" content=\"index, follow, max-snippet:-1, max-image-preview:large, max-video-preview:-1\" \/>\n<link rel=\"canonical\" href=\"https:\/\/flyingart.vn\/?page_id=1914\" \/>\n<meta property=\"og:locale\" content=\"vi_VN\" \/>\n<meta property=\"og:type\" content=\"article\" \/>\n<meta property=\"og:title\" content=\"H\u1ed9i h\u1ecda - Ki\u1ebfn Tr\u00fac - N\u1ed9i Th\u1ea5t Flying Art\" \/>\n<meta property=\"og:description\" content=\"Tranh ch\u00e2n dung, th\u01b0 ph\u00e1p, b\u00fat l\u1eeda \u2013 m\u1ed7i t\u00e1c ph\u1ea9m t\u1eeb FlyingArt l\u00e0 m\u00f3n qu\u00e0 ngh\u1ec7 thu\u1eadt ch\u1ee9a \u0111\u1ef1ng c\u1ea3m x\u00fac v\u00e0 gi\u00e1 tr\u1ecb b\u1ec1n l\u00e2u.\" \/>\n<meta property=\"og:url\" content=\"https:\/\/flyingart.vn\/?page_id=1914\" \/>\n<meta property=\"og:site_name\" content=\"Ki\u1ebfn Tr\u00fac - N\u1ed9i Th\u1ea5t Flying Art\" \/>\n<meta property=\"article:modified_time\" content=\"2025-05-29T22:36:12+00:00\" \/>\n<meta name=\"twitter:card\" content=\"summary_large_image\" \/>\n<meta name=\"twitter:label1\" content=\"\u01af\u1edbc t\u00ednh th\u1eddi gian \u0111\u1ecdc\" \/>\n\t<meta name=\"twitter:data1\" content=\"3 ph\u00fat\" \/>\n<script type=\"application\/ld+json\" class=\"yoast-schema-graph\">{\"@context\":\"https:\/\/schema.org\",\"@graph\":[{\"@type\":\"WebPage\",\"@id\":\"https:\/\/flyingart.vn\/?page_id=1914\",\"url\":\"https:\/\/flyingart.vn\/?page_id=1914\",\"name\":\"H\u1ed9i h\u1ecda - Ki\u1ebfn Tr\u00fac - N\u1ed9i Th\u1ea5t Flying Art\",\"isPartOf\":{\"@id\":\"https:\/\/flyingart.vn\/#website\"},\"datePublished\":\"2025-05-28T22:50:40+00:00\",\"dateModified\":\"2025-05-29T22:36:12+00:00\",\"description\":\"Tranh ch\u00e2n dung, th\u01b0 ph\u00e1p, b\u00fat l\u1eeda \u2013 m\u1ed7i t\u00e1c ph\u1ea9m t\u1eeb FlyingArt l\u00e0 m\u00f3n qu\u00e0 ngh\u1ec7 thu\u1eadt ch\u1ee9a \u0111\u1ef1ng c\u1ea3m x\u00fac v\u00e0 gi\u00e1 tr\u1ecb b\u1ec1n l\u00e2u.\",\"breadcrumb\":{\"@id\":\"https:\/\/flyingart.vn\/?page_id=1914#breadcrumb\"},\"inLanguage\":\"vi\",\"potentialAction\":[{\"@type\":\"ReadAction\",\"target\":[\"https:\/\/flyingart.vn\/?page_id=1914\"]}]},{\"@type\":\"BreadcrumbList\",\"@id\":\"https:\/\/flyingart.vn\/?page_id=1914#breadcrumb\",\"itemListElement\":[{\"@type\":\"ListItem\",\"position\":1,\"name\":\"Trang ch\u1ee7\",\"item\":\"https:\/\/flyingart.vn\/\"},{\"@type\":\"ListItem\",\"position\":2,\"name\":\"H\u1ed9i h\u1ecda\"}]},{\"@type\":\"WebSite\",\"@id\":\"https:\/\/flyingart.vn\/#website\",\"url\":\"https:\/\/flyingart.vn\/\",\"name\":\"Ki\u1ebfn Tr\u00fac - N\u1ed9i Th\u1ea5t Flying Art\",\"description\":\"&quot;Ki\u1ebfn t\u1ea1o kh\u00f4ng gian s\u1ed1ng&quot;\",\"potentialAction\":[{\"@type\":\"SearchAction\",\"target\":{\"@type\":\"EntryPoint\",\"urlTemplate\":\"https:\/\/flyingart.vn\/?s={search_term_string}\"},\"query-input\":{\"@type\":\"PropertyValueSpecification\",\"valueRequired\":true,\"valueName\":\"search_term_string\"}}],\"inLanguage\":\"vi\"}]}<\/script>\n<!-- \/ Yoast SEO plugin. -->","yoast_head_json":{"title":"H\u1ed9i h\u1ecda - Ki\u1ebfn Tr\u00fac - N\u1ed9i Th\u1ea5t Flying Art","description":"Tranh ch\u00e2n dung, th\u01b0 ph\u00e1p, b\u00fat l\u1eeda \u2013 m\u1ed7i t\u00e1c ph\u1ea9m t\u1eeb FlyingArt l\u00e0 m\u00f3n qu\u00e0 ngh\u1ec7 thu\u1eadt ch\u1ee9a \u0111\u1ef1ng c\u1ea3m x\u00fac v\u00e0 gi\u00e1 tr\u1ecb b\u1ec1n l\u00e2u.","robots":{"index":"index","follow":"follow","max-snippet":"max-snippet:-1","max-image-preview":"max-image-preview:large","max-video-preview":"max-video-preview:-1"},"canonical":"https:\/\/flyingart.vn\/?page_id=1914","og_locale":"vi_VN","og_type":"article","og_title":"H\u1ed9i h\u1ecda - Ki\u1ebfn Tr\u00fac - N\u1ed9i Th\u1ea5t Flying Art","og_description":"Tranh ch\u00e2n dung, th\u01b0 ph\u00e1p, b\u00fat l\u1eeda \u2013 m\u1ed7i t\u00e1c ph\u1ea9m t\u1eeb FlyingArt l\u00e0 m\u00f3n qu\u00e0 ngh\u1ec7 thu\u1eadt ch\u1ee9a \u0111\u1ef1ng c\u1ea3m x\u00fac v\u00e0 gi\u00e1 tr\u1ecb b\u1ec1n l\u00e2u.","og_url":"https:\/\/flyingart.vn\/?page_id=1914","og_site_name":"Ki\u1ebfn Tr\u00fac - N\u1ed9i Th\u1ea5t Flying Art","article_modified_time":"2025-05-29T22:36:12+00:00","twitter_card":"summary_large_image","twitter_misc":{"\u01af\u1edbc t\u00ednh th\u1eddi gian \u0111\u1ecdc":"3 ph\u00fat"},"schema":{"@context":"https:\/\/schema.org","@graph":[{"@type":"WebPage","@id":"https:\/\/flyingart.vn\/?page_id=1914","url":"https:\/\/flyingart.vn\/?page_id=1914","name":"H\u1ed9i h\u1ecda - Ki\u1ebfn Tr\u00fac - N\u1ed9i Th\u1ea5t Flying Art","isPartOf":{"@id":"https:\/\/flyingart.vn\/#website"},"datePublished":"2025-05-28T22:50:40+00:00","dateModified":"2025-05-29T22:36:12+00:00","description":"Tranh ch\u00e2n dung, th\u01b0 ph\u00e1p, b\u00fat l\u1eeda \u2013 m\u1ed7i t\u00e1c ph\u1ea9m t\u1eeb FlyingArt l\u00e0 m\u00f3n qu\u00e0 ngh\u1ec7 thu\u1eadt ch\u1ee9a \u0111\u1ef1ng c\u1ea3m x\u00fac v\u00e0 gi\u00e1 tr\u1ecb b\u1ec1n l\u00e2u.","breadcrumb":{"@id":"https:\/\/flyingart.vn\/?page_id=1914#breadcrumb"},"inLanguage":"vi","potentialAction":[{"@type":"ReadAction","target":["https:\/\/flyingart.vn\/?page_id=1914"]}]},{"@type":"BreadcrumbList","@id":"https:\/\/flyingart.vn\/?page_id=1914#breadcrumb","itemListElement":[{"@type":"ListItem","position":1,"name":"Trang ch\u1ee7","item":"https:\/\/flyingart.vn\/"},{"@type":"ListItem","position":2,"name":"H\u1ed9i h\u1ecda"}]},{"@type":"WebSite","@id":"https:\/\/flyingart.vn\/#website","url":"https:\/\/flyingart.vn\/","name":"Ki\u1ebfn Tr\u00fac - N\u1ed9i Th\u1ea5t Flying Art","description":"&quot;Ki\u1ebfn t\u1ea1o kh\u00f4ng gian s\u1ed1ng&quot;","potentialAction":[{"@type":"SearchAction","target":{"@type":"EntryPoint","urlTemplate":"https:\/\/flyingart.vn\/?s={search_term_string}"},"query-input":{"@type":"PropertyValueSpecification","valueRequired":true,"valueName":"search_term_string"}}],"inLanguage":"vi"}]}},"_links":{"self":[{"href":"https:\/\/flyingart.vn\/index.php?rest_route=\/wp\/v2\/pages\/1914","targetHints":{"allow":["GET"]}}],"collection":[{"href":"https:\/\/flyingart.vn\/index.php?rest_route=\/wp\/v2\/pages"}],"about":[{"href":"https:\/\/flyingart.vn\/index.php?rest_route=\/wp\/v2\/types\/page"}],"author":[{"embeddable":true,"href":"https:\/\/flyingart.vn\/index.php?rest_route=\/wp\/v2\/users\/1"}],"replies":[{"embeddable":true,"href":"https:\/\/flyingart.vn\/index.php?rest_route=%2Fwp%2Fv2%2Fcomments&post=1914"}],"version-history":[{"count":2,"href":"https:\/\/flyingart.vn\/index.php?rest_route=\/wp\/v2\/pages\/1914\/revisions"}],"predecessor-version":[{"id":1936,"href":"https:\/\/flyingart.vn\/index.php?rest_route=\/wp\/v2\/pages\/1914\/revisions\/1936"}],"wp:attachment":[{"href":"https:\/\/flyingart.vn\/index.php?rest_route=%2Fwp%2Fv2%2Fmedia&parent=1914"}],"curies":[{"name":"wp","href":"https:\/\/api.w.org\/{rel}","templated":true}]}}